 is divided by l.
10
Suppose -82*a - 897 = -85*a. What is the remainder when a is divided by 43?
41
Suppose -2*o - 40 = -6*o + 4*u, o - 5 = -4*u. What is the remainder when o is divided by 6?
3
Suppose -120 = -d - 2*d. Suppose -5*x + 17 = 5*q - 8, 0 = -4*x + 12. Suppose q*k - 20 - 8 = 0. Calculate the remainder when d is divided by k.
12
Suppose 9*i - 2*i - 105 = 0. What is the remainder when 103 is divided by i?
13
Suppose 4*c + 0 = -4. Suppose -4*s = 4*n - 8, -n + 6*n - 2*s = -18. Calculate the remainder when -46*(c + 0/n) is divided by 16.
14
Suppose -2*h + 23 + 7 = 0. Suppose 2*g + h = 3*g. What is the remainder when 43 is divided by g?
13
Let g(o) = o**2 + 10*o - 13. Let u be g(-11). Let c = u + 16. Calculate the remainder when 54 is divided by c.
12
What is the remainder when -2*(-96 + 0)/3 is divided by 33?
31
Suppose 131 + 12 = 11*o. Calculate the remainder when 89 is divided by o.
11
What is the remainder when (-33)/22*(-82)/3 is divided by 22?
19
Let a(c) = c + 5. Let s be a(-6). Let f = s - -5. Let o = -3 + f. Calculate the remainder when 2 is divided by o.
0
Let t(x) = x**3 - 6*x**2 + 6*x + 4. Let k be t(5). Suppose k = p + 4. What is the remainder when p is divided by 2?
1
Let d(r) = -r**2 - 9*r - 4. Calculate the remainder when 55 is divided by d(-6).
13
Let i = -80 + 105. Calculate the remainder when 99 is divided by i.
24
Let g(s) = 4*s**3 - 2*s**2 + 2*s - 2. Suppose 0 = j + 3*j - 16. Suppose 0 = -4*b + 4 + j. Calculate the remainder when g(b) is divided by 14.
12
Suppose -2*r + 60 = 2*r. Let m = r - 5. What is the remainder when m is divided by 1/4 - 60/(-16)?
2
Let r(t) = t**3 - 18*t**2 - 39*t - 19. What is the remainder when 2 is divided by r(20)?
0
What is the remainder when 354/14 + 6/(-21) is divided by 12/(-8)*(2 + -4) - -4?
4
Calculate the remainder when 4/(-6)*(-6)/1 is divided by 1.
0
Suppose 2*r = x + 70, -x - 4*r = x + 124. Calculate the remainder when 31 is divided by 3*(x/9)/(-2).
9
Suppose -75 = -4*z - v, -4*z + z = 3*v - 54. Suppose -3*w - 5 = -2*w. What is the remainder when z is divided by (-48)/w - 4/(-10)?
9
What is the remainder when 55 is divided by (1 + 0)/(6 + 178/(-30))?
10
Let x = 56 - 51. Calculate the remainder when x is divided by 3.
2
Let w = -18 - -51. What is the remainder when w is divided by 18?
15
Let l(u) = -5*u - 1. Let h be l(-1). Suppose -76 = -0*a - h*a. What is the remainder when a is divided by 7?
5
Let p = -63 + 77. Calculate the remainder when 25 is divided by p.
11
Suppose 2*o - 29 = -2*o + 5*r, 2*r + 16 = 2*o. Let l(v) = 2*v + 15. Calculate the remainder when o is divided by l(-6).
2
Let r(f) = f**3 + 12*f**2 - 2*f - 15. Calculate the remainder when r(-12) is divided by 6.
3
Suppose -3*g + 6*g - 269 = -2*c, 3*g - 254 = -5*c. What is the remainder when g is divided by 24?
21
Suppose -3 = -j + 4. Let v(b) = b**3 - 7*b**2 + b + 9. Suppose -3*p - 5*f = -42, 5*f - 30 = -2*p + 3. Calculate the remainder when v(j) is divided by p.
7
Suppose 3*k - 15 = -0. Suppose k*m + 10 = 0, 4*m - 34 = 3*l - 6*l. Suppose 4*n = 60 + 104. Calculate the remainder when n is divided by l.
13
Suppose -3*s - f + 45 = 0, 3*s + 4*f + 2 = 4*s. Let p = 2 + s. Calculate the remainder when 63 is divided by p.
15
Suppose 3*r = 6*r. Suppose 0*v + 4*v = -q + 34, -3*q - 5*v + 74 = r. What is the remainder when 35 is divided by q?
17
Suppose 0*q = -3*q - 18. Let f(j) = -14*j - 2. What is the remainder when f(-3) is divided by (-2)/q + 82/6?
12
Let c(w) = 2*w**2 - 9*w + 9. Let p = -3 + 8. Calculate the remainder when c(5) is divided by p.
4
Let u be (-3)/(-2)*(-2)/3. What is the remainder when (1 - 2)*u*29 is divided by 10?
9
Let o(v) = v + 15. What is the remainder when 38 is divided by o(7)?
16
Suppose -158 = -5*s - 28. Let g(j) = -4*j - 2. Let n(u) = u**3 + 9*u**2 + 10*u + 12. Let l be n(-8). What is the remainder when s is divided by g(l)?
12
Calculate the remainder when -9*(-19)/(-3)*-1 is divided by 15.
12
Let j(g) = g + 23. What is the remainder when j(0) is divided by 13?
10
Suppose -18*p = -4*p - 392. Suppose 5*v - 76 + 26 = 0. Calculate the remainder when p is divided by v.
8
Let c(k) = 5*k**2 - 4*k - 3. What is the remainder when c(-2) is divided by 9?
7
Let b(k) = -k**3 + 11*k**2 - 9*k - 6. Let p be b(10). Suppose p*i - 24 = -5*a, -2*a = -0*a + 3*i - 11. Calculate the remainder when 7 is divided by a.
3
Suppose -4*s = -s - 123. Suppose -2*y - g + 45 = 0, y + 10 = 2*y - 2*g. Let p = y - 6. Calculate the remainder when s is divided by p.
13
Let d = -33 + 46. What is the remainder when 35 is divided by d?
9
Let g = 12 + 13. Suppose -g = -j + 4*s, s = 2*j + 2*j - 100. What is the remainder when 47 is divided by j?
22
Suppose -3*b - 8 = -u, 0 = 5*u - 5*b - 0*b - 60. Calculate the remainder when 54 is divided by u.
12
Let a = 224 - 159. Calculate the remainder when a is divided by (0 - 1) + -2 + 20.
14
Suppose 0 = 5*v - 128 - 322. Calculate the remainder when v is divided by 47.
43
What is the remainder when (-34)/(-8)*(10 + -2) is divided by 172/14 + (-4)/14?
10
What is the remainder when 86 is divided by (12 - 4)*11/4?
20
Suppose -3*c + r + 349 = -3*r, c = -r + 107. What is the remainder when c is divided by 29?
24
Let y = 24 - 23. Let o = 4 + -3. What is the remainder when o is divided by y?
0
Let c(b) = 4*b**2 - 2*b. Let q be c(-2). Let r = q - 9. What is the remainder when 30 is divided by r?
8
Let u be (-5)/(-2)*54/45. Let y = 4 + u. What is the remainder when 19 is divided by y?
5
Let k = 26 + -7. Suppose 5*s - 4*s = 5. Calculate the remainder when k is divided by s.
4
Suppose -2*v = -29 - 17. Let x be ((-32)/10)/((-1)/5). Suppose 0 = -7*q + 5*q + x. What is the remainder when v is divided by q?
7
Let g = -18 - -26. Let x = -39 + 53. What is the remainder when x is divided by g?
6
Calculate the remainder when (-6)/(-21) - (3 - 666/21) is divided by 11.
7
Let m = 52 + -24. What is the remainder when 7 is divided by (-2)/7 + 64/m?
1
Suppose -134 = -2*p + 5*i, -4*p - i + 268 = -0*p. Let w(v) = -v + 1. What is the remainder when p is divided by w(-16)?
16
Let h(a) = -a**3 + 9*a**2 + 10*a + 3. Let r be h(10). Suppose 5*t + 3*i - 72 = -i, 0 = 5*t + r*i - 69. What is the remainder when 22 is divided by t?
10
Suppose g - 3*d + d = 14, 30 = 3*g - 2*d. What is the remainder when 33 is divided by g?
1
Let s(z) = -z**3 + 4*z**2 + z - 1. Let x be s(4). Suppose -4*h + 3*w - 1 = -3*h, -w + 17 = x*h. Calculate the remainder when (16/10)/(2/10) is divided by h.
3
Let l(v) = -5*v - 31. Suppose -5*i = -148 - 192. Let k = i - 28. What is the remainder when k is divided by l(-9)?
12
Suppose 3*h = 2*h + 8. Suppose 4*f - 241 = -5*k, -h*k + 3*k + 4*f + 249 = 0. Calculate the remainder when k is divided by 13.
10
Calculate the remainder when 46 is divided by -2 + -1 + 57/3.
14
Let l = -10 + 4. Let q(j) = -2*j + 8. Let p be q(7). Calculate the remainder when (-124)/p + 4/l is divided by 11.
9
Suppose -4*f - 4 = 5*k, 0*f - 3*k = -2*f + 20. What is the remainder when 2 is divided by (-2)/f - (-25)/10?
0
Let k = 39 - 31. Calculate the remainder when 15 is divided by k.
7
Let h = 32 - 2. Suppose 0 = 4*g - 8*g + 44. Calculate the remainder when g is divided by 12/h + 28/5.
5
Let n be (-18)/8*(-56)/21. Suppose 3*j + n + 7 = o, o = 2*j + 10. Calculate the remainder when 15 is divided by o.
3
Let d(a) = a + 6. Calculate the remainder when 17 is divided by d(3).
8
Let k = 508 - 348. Suppose -32 = 4*i - k. What is the remainder when i is divided by 17?
15
Suppose 2*p - 18 = -z, -52 = -2*z - z - 4*p. What is the remainder when 60 is divided by z?
12
Suppose -5*x = -2*x - 2*f - 17, 1 = -x - f. Suppose 60 = p + x*p. What is the remainder when 36 is divided by 6/(-15) + 291/p?
17
Let r(s) be the second derivative of -s**3/6 - s**2/2 - 3*s. What is the remainder when 8 is divided by r(-4)?
2
Let z(h) be the second derivative of h**4/12 - h**3/6 + 5*h**2 - 6*h. Suppose 5 = 5*t, 0*t - 1 = 4*m - t. Calculate the remainder when 18 is divided by z(m).
8
Suppose -22 = 2*z - 4*z. What is the remainder when 42 is divided by z?
9
Let j(t) = t**2 + t - 10. What is the remainder when 118 is divided by j(5)?
18
Let t(v) = 2*v**2 - 5*v + 4. Suppose 3*g = 6 - 12. Let f be 2 - (1 + g)*1. Calculate the remainder when 20 is divided by t(f).
6
Suppose 4 - 6 = -j.